 -k*z = -4*f - 17. Calculate m(f).
0
Let c(o) be the second derivative of -o**3/2 + 15*o**2/2 - 11*o. Let h be c(7). Let q(l) = l**3 + 6*l**2 + 4. Calculate q(h).
4
Let u(f) = -11*f**2 - f + 1. Let z = 57 - 55. Suppose -3*x + 5*x - z = 0. What is u(x)?
-11
Let f(s) = -13 + 5*s + 2*s + 7*s - 5*s + 12. Let a(z) = z**3 + 8*z**2 - z - 7. Let v be a(-8). Calculate f(v).
8
Suppose -3*s - 5*s + 16 = 0. Let h(f) = 2 - 3*f + 6*f**s + 4*f - 3 - 4*f**2. Give h(1).
2
Let r(i) be the second derivative of 7*i**3/3 - i**2/2 - 2*i. Let x = -94 + 144. Let s = x - 51. What is r(s)?
-15
Suppose 3*l = 2*f - 0 - 7, 2*l + 8 = -2*f. Let d(h) = -3*h. Calculate d(f).
3
Suppose 1 = 3*g - 11. Let r(f) = 3 - g*f - 2*f**3 - 3*f**2 - 4*f**3 + 7*f**3 - f**2. Determine r(4).
-13
Let k(p) = -3*p - 5. Let c = 200 + -120. Suppose -c*a - 4 = -79*a. What is k(a)?
7
Let u(w) be the second derivative of -w**3/6 + 14*w**2 + 2*w - 10. Calculate u(0).
28
Suppose -2*m = 13 - 1. Let v(y) be the second derivative of -y**5/20 - 5*y**4/12 + 5*y**3/6 - 2*y**2 + 2115*y. Calculate v(m).
2
Let m(s) be the second derivative of -7*s**5/10 - 10*s**3/3 + 3*s**2/2 - 13*s. Let t(l) = -5*l**3 - 7*l + 1. Let p(i) = -6*m(i) + 17*t(i). Give p(0).
-1
Let s(r) = -31*r**2 + 1. Suppose 1 = i, 23*m = 18*m - i + 6. Determine s(m).
-30
Let j(o) = -109*o - 115*o + 228*o - 6*o**2 + 4. Let l(m) = -m**2 - m - 1. Let d(p) = -j(p) - 5*l(p). What is d(-1)?
11
Let a(m) = 5*m**2 + m - 1. Suppose 9*k = -5*k + 14. Calculate a(k).
5
Let j(g) = g**3 - 4*g**2 - g - 6. Suppose 2*a - 12 + 8 = 0. Let x(z) = -6*z**3 + 20*z**2 + 5*z + 31. Let y(v) = a*x(v) + 11*j(v). Determine y(-4).
0
Let p(r) = -r**3 + r. Let f(i) = 2*i**3 - i**2 - 3*i + 4. Let x(g) = f(g) + 3*p(g). Let n(l) = -2*l - 9. Let b be n(-5). Let k be b*(-3 + 7 - 4). Give x(k).
4
Let i = 187 + -197. Let l(t) = t**3 + 11*t**2 + 11*t + 6. What is l(i)?
-4
Suppose 0 = 4*a + 1 + 7. Let f be 5 + a - (1 + 0). Let z(t) = -15 - 15 - 10 + 41 + t - 2*t**3. Give z(f).
-13
Suppose b = -2 + 1. Let j(n) be the first derivative of -n**3 - 11. Give j(b).
-3
Let j = 96 - 107. Suppose -5*w + 53 = -4*y, -2*w = -5*y - 5*w - 94. Let l = y - j. Let q(i) = -i**3 - 6*i**2 - 2*i - 6. Determine q(l).
6
Let b be -1 + 0 + (41 - 34). Let w(p) = -16 - p + 10 + 13. Give w(b).
1
Let n(f) = -3*f + 4. Let c(z) = -3*z + 4. Let v(q) = -6*c(q) + 7*n(q). Determine v(-7).
25
Let j(u) = -8*u + 6. Let f(x) = -x + 1. Let c(n) = 5*f(n) - j(n). Let y be 1250/275 + (-36)/66. What is c(y)?
11
Let o = -1 - 4. Let t(r) = r**3 + 5*r**2 - 6*r + 5. Let z be t(-6). Let k(v) = z + 3*v**2 - 2*v**2 - 3*v**2 + 7*v + 3*v**2. What is k(o)?
-5
Let l(b) = -b**2 - b - 1. Let w(u) = -4*u**2 + 5*u - 8. Let g(a) = -2*l(a) + w(a). Let d be (3 + -6 - -3) + (-2 - -7). Give g(d).
-21
Let d(m) = -m**3 + 3*m**2 - 2*m + 1. Let a(o) = 25*o + 2. Let i be a(1). Let l = i - 23. Suppose -5*w - 3*n + 3 = -19, -12 = l*w - 5*n. What is d(w)?
1
Let x(z) = -z + 5. Let l(w) = -2*w**3 - 6*w**2 - 3*w - 4. Let t be l(-2). What is x(t)?
11
Let v(l) = -3*l**2 + 2*l + 2. Let d(c) = c**2 + c + 1. Let n(m) = d(m) - v(m). Let q(p) = p + 4. Let x be q(0). Let j = x - 5. Give n(j).
4
Let h(k) = -15*k + 46. Let s be h(3). Let t(u) = u**3 - 2*u**2 + u. Give t(s).
0
Let u(z) = -z**3 + 3*z**2 - 4*z - 6. Let g(m) = m**2 - m. Let k(n) = -3*n - 1 + 0*n + 4*n. Let l be k(4). Let y(b) = l*g(b) - u(b). Determine y(0).
6
Let u(h) = 34*h + 1. Let w(j) = 208*j + 7. Let z(v) = -6*u(v) + w(v). Let p(t) = t - 3*t - 6 + 1 + t**3 + 4*t**2. Let l be p(-4). Give z(l).
13
Suppose -23 + 21 = -w. Let l(i) = -2 + 10*i**w - 6*i - i**2 - 11*i**2. Give l(-4).
-10
Let w(p) be the third derivative of p**6/120 - p**5/12 + p**4/24 + p**3/3 + 277*p**2. Let f(o) = 5*o. Let b be f(1). What is w(b)?
7
Let l(m) be the third derivative of m**6/120 - m**5/12 + m**4/12 + m**3/3 - 17*m**2. Let x(z) = z**2. Let u be x(-1). Let w = 5 - u. Determine l(w).
-6
Let i(y) = -y**2 + y + 2. Suppose 42*q - 9 = 45*q. Determine i(q).
-10
Let n = -278 - -282. Let q(i) be the first derivative of -1/4*i**4 + n + 1/2*i**2 + 5/3*i**3 + 3*i. Calculate q(5).
8
Suppose -4*r - 15 - 1 = 0. Let m(f) be the second derivative of 2*f**2 + 0 + 0*f**3 - 5*f - 1/12*f**4. Determine m(r).
-12
Suppose 0 = 3*g + 3. Let l be ((-4 - 1) + g)*(-9)/6. Let q(v) = v - 10. What is q(l)?
-1
Let t(x) be the first derivative of 5*x**4/4 - x**3/3 - x**2/2 - 91. What is t(-1)?
-5
Let a = -28 + 31. Suppose 5*m + 0*s + 2*s = 16, a*m + 3*s - 6 = 0. Let n(l) = l - 3*l**2 + m*l - 2 - 7*l + l**3. Give n(4).
6
Let v(g) = -5*g**3 + 17*g**2 - 5*g + 9. Let t(b) = 6*b**3 - 19*b**2 + 6*b - 8. Let k(p) = 4*t(p) + 5*v(p). Give k(9).
4
Let d(z) = -7 + 60*z + z**2 - 174*z + 65*z + 61*z. Determine d(-12).
-7
Suppose -36 = 238*d - 250*d. Let i(w) = w**3 - 3*w**2 + w - 5. Determine i(d).
-2
Let u = 442 - 451. Let t(f) = -f - 13. What is t(u)?
-4
Let r(l) = 3*l. Let j(d) = 2*d**2 + d - 2. Let q be j(-2). Let t be 1/(-2) - 45/(-6). Suppose -q*m - 1 = t. What is r(m)?
-6
Let d = -11 + 14. Let c(a) = 1 + 6*a - 3 + 0 - d*a**2. Let s be c(2). Let v(n) = -3*n. Determine v(s).
6
Let g(j) = 12*j + 63. Let p be g(-6). Let q(w) = w**2 + 13*w + 8. Determine q(p).
-28
Let y = -1105 - -1097. Let z(g) = 6*g + 11. Determine z(y).
-37
Let g(v) = -2 - 2 + 2*v + v + 2 - 4*v. Give g(-2).
0
Let i be (-18 - -21) + (-359)/120. Let y(s) be the third derivative of -i*s**6 + 1/20*s**5 + 0 + 1/24*s**4 + 0*s + 1/6*s**3 + 7*s**2. Give y(2).
7
Let w(c) be the third derivative of -13*c**2 - 5/6*c**3 + 0*c + 1/24*c**4 + 0. Calculate w(4).
-1
Let a = 870 + -870. Let c(v) = v**3 + v**2 + v + 2. Give c(a).
2
Let n(s) = 2*s**2 - 10*s - 6. Suppose 3*v - 11 = 13. Determine n(v).
42
Let c(v) = -v**3 - 4*v**2 + v + 6. Let s be (-2 + 3 - -1) + (-4 - 2). Determine c(s).
2
Let k(w) = 3*w**2 - 13*w + 4. Let y(f) = -5*f**2 + 15*f - 5. Let a(x) = -7*k(x) - 6*y(x). What is a(-1)?
10
Let n(t) be the second derivative of -t**3 + 3*t**2 + 2*t - 17. Give n(4).
-18
Let y(o) be the second derivative of -4*o**3/3 - o**2/2 - 959*o. Suppose 2*p + 0*p - 4*n = -6, -9 = 3*p - 5*n. Give y(p).
23
Let r(c) = 2*c**3 + c**2 - c. Let n be r(1). Let h(f) = -4*f + 2*f + f**n - 3 + 2. Let u = -83 + 85. What is h(u)?
-1
Let w = 4 - 3. Let s(c) = -23*c - 29*c - c**3 - 25*c - 30*c + 2 + 3*c**2 + 104*c. Let r be s(w). Let h(o) = 2*o + 1. Determine h(r).
3
Let s(f) be the second derivative of -4/3*f**3 - 16*f + 0*f**2 + 0. Determine s(2).
-16
Let g be 0 - 5/5 - (-6)/(-3). Let v(q) = 5*q + 4*q**2 - 7*q**2 - q + 7*q**2 - 1. Give v(g).
23
Let h = -652 - -657. Let w(d) = -d**3 + 4*d**2 - d + 8. What is w(h)?
-22
Let b be 74*1/24 - 3. Let p(h) be the second derivative of 0 + b*h**4 - h + 1/2*h**3 - 1/2*h**2. What is p(-5)?
9
Suppose 9*h - 7*h - 4 = 0. Suppose -f - 25 = h. Let o be ((-2)/(-3))/(9/f). Let c(y) = -3*y**2 - 2*y. What is c(o)?
-8
Let n(u) be the third derivative of -u**6/120 + 2*u**5/15 - u**4/12 + 7*u**3/6 - 684*u**2. Determine n(8).
-9
Let h = 48 + -45. Suppose 4*f - 1 = p, 0*p = -h*p - 5*f + 14. Let d(v) = 5*v + 1. Calculate d(p).
16
Suppose 0 = -4*a - 4, 5*a = 2*i - 7*i + 15. Suppose -5*q = 24 - i. Let c(z) = -539 - 3*z**2 + 5*z + 282 + 255 - z**3. Calculate c(q).
-6
Let z = 855 + -842. Let m(v) = v - 14. Determine m(z).
-1
Let i(v) = -2*v - 7. Let y(b) = -b - 2. Let x be (-27)/5 + (-9)/15. Let z be y(x). Let a be (2 - z) + 3*-1. Calculate i(a).
3
Let u = 1 - 24. Suppose 5*h + 44 = -41. Let l = h - u. Let i(v) = -2*v + 9. What is i(l)?
-3
Let s(l) = -l**2 + 12*l - 4. Suppose 150 = -16*u + 31*u. Calculate s(u).
16
Suppose 0*s + s - 2 = 0. Let x(n) = 69*n**3 - 3 - 65*n**3 - s*n - n**2 + 2. Give x(-1).
-4
Let r be (616/(-105) - -6) + (-6)/45. Let u(f) be the first derivative of 2/3*f**3 + f**2 - 5 + r*f + 1/4*f**4. What is u(-2)?
-4
Suppose 2*g = -0 + 4. Suppose 6*n = g*n + 8. Let t(b) = -7*b - 5*b**n + 4 + b**3 + 0 - 1 - 2. Give t(6).
-5
Let i(b) = 18 + 11 + 19 - 52 + b. Let j(n) = n**2 - n + 1. Let a be j(2). Suppose -a*q = -q. What is i(q)?
-4
Let w be (5 - 84)*(-2 + 4) + 3. Let o be 4/(-6) + w/(-93). Let l(t) = 4*t**3 - 1. Calculate l(o).
3
Let a(i) be the first derivative of i**3/3 - 11*i**2/2 + 11*i - 7094. Let h be (18/(-4))/(1/(-2)). Give a(h).
-7
Let p(l) = 5*l. Let i be -13 + 11 - (-1 + 0). Let t be (3/i)/(-3) 